he remainder when 30802 is divided by 68.
66
Calculate the remainder when 171 is divided by 21.
3
Calculate the remainder when 2834 is divided by 63.
62
What is the remainder when 231 is divided by 59?
54
Calculate the remainder when 47 is divided by 23.
1
Calculate the remainder when 2655 is divided by 2.
1
What is the remainder when 458 is divided by 57?
2
What is the remainder when 141 is divided by 75?
66
Calculate the remainder when 348 is divided by 157.
34
Calculate the remainder when 296 is divided by 127.
42
What is the remainder when 2459 is divided by 164?
163
What is the remainder when 374 is divided by 15?
14
Calculate the remainder when 328 is divided by 28.
20
Calculate the remainder when 80 is divided by 21.
17
What is the remainder when 1227 is divided by 407?
6
What is the remainder when 133 is divided by 112?
21
What is the remainder when 286 is divided by 6?
4
What is the remainder when 1260 is divided by 8?
4
Calculate the remainder when 1209 is divided by 568.
73
What is the remainder when 211 is divided by 66?
13
What is the remainder when 105 is divided by 74?
31
Calculate the remainder when 446 is divided by 13.
4
Calculate the remainder when 158 is divided by 10.
8
What is the remainder when 263 is divided by 38?
35
What is the remainder when 2039 is divided by 205?
194
Calculate the remainder when 216 is divided by 20.
16
Calculate the remainder when 17821 is divided by 13.
11
What is the remainder when 532 is divided by 13?
12
Calculate the remainder when 163 is divided by 8.
3
Calculate the remainder when 387 is divided by 30.
27
Calculate the remainder when 123 is divided by 79.
44
What is the remainder when 11010 is divided by 117?
12
Calculate the remainder when 191 is divided by 65.
61
Calculate the remainder when 336 is divided by 50.
36
What is the remainder when 536 is divided by 27?
23
What is the remainder when 2797 is divided by 33?
25
What is the remainder when 1402 is divided by 5?
2
What is the remainder when 503 is divided by 14?
13
Calculate the remainder when 79 is divided by 51.
28
What is the remainder when 1039 is divided by 174?
169
What is the remainder when 519 is divided by 9?
6
Calculate the remainder when 4726 is divided by 86.
82
What is the remainder when 1299 is divided by 25?
24
What is the remainder when 3573 is divided by 179?
172
Calculate the remainder when 1369 is divided by 33.
16
Calculate the remainder when 2064 is divided by 207.
201
What is the remainder when 208 is divided by 152?
56
What is the remainder when 501 is divided by 493?
8
Calculate the remainder when 438 is divided by 41.
28
What is the remainder when 244 is divided by 96?
52
Calculate the remainder when 2049 is divided by 76.
73
What is the remainder when 939 is divided by 9?
3
Calculate the remainder when 82 is divided by 31.
20
Calculate the remainder when 1770 is divided by 118.
0
Calculate the remainder when 1005 is divided by 45.
15
Calculate the remainder when 885 is divided by 128.
117
What is the remainder when 533 is divided by 89?
88
What is the remainder when 133 is divided by 36?
25
Calculate the remainder when 406 is divided by 69.
61
What is the remainder when 543 is divided by 14?
11
What is the remainder when 244 is divided by 40?
4
What is the remainder when 193 is divided by 51?
40
What is the remainder when 936 is divided by 135?
126
What is the remainder when 411 is divided by 32?
27
What is the remainder when 2985 is divided by 9?
6
What is the remainder when 1115 is divided by 20?
15
What is the remainder when 580 is divided by 147?
139
Calculate the remainder when 394 is divided by 130.
4
What is the remainder when 13814 is divided by 15?
14
What is the remainder when 837 is divided by 802?
35
Calculate the remainder when 11977 is divided by 20.
17
Calculate the remainder when 1121 is divided by 43.
3
Calculate the remainder when 692 is divided by 63.
62
What is the remainder when 1718 is divided by 352?
310
Calculate the remainder when 219 is divided by 20.
19
What is the remainder when 200 is divided by 51?
47
What is the remainder when 191 is divided by 8?
7
What is the remainder when 168 is divided by 18?
6
What is the remainder when 427 is divided by 13?
11
Calculate the remainder when 213 is divided by 31.
27
What is the remainder when 322 is divided by 31?
12
Calculate the remainder when 453 is divided by 38.
35
Calculate the remainder when 3775 is divided by 31.
24
What is the remainder when 764 is divided by 51?
50
What is the remainder when 9795 is divided by 20?
15
What is the remainder when 3514 is divided by 235?
224
Calculate the remainder when 2985 is divided by 81.
69
Calculate the remainder when 445 is divided by 14.
11
What is the remainder when 448 is divided by 30?
28
What is the remainder when 109 is divided by 19?
14
Calculate the remainder when 426 is divided by 61.
60
Calculate the remainder when 17 is divided by 13.
4
Calculate the remainder when 436 is divided by 44.
40
Calculate the remainder when 68 is divided by 53.
15
Calculate the remainder when 45 is divided by 24.
21
Calculate the remainder when 321 is divided by 36.
33
Calculate the remainder when 39 is divided by 31.
8
Calculate the remainder when 433 is divided by 402.
31
What is the remainder when 373 is divided by 24?
13
What is the remainder when 1443 is divided by 181?
176
Calculate the remainder when 7139 is divided by 10.
9
What is the remainder when 6928 is divided by 41?
40
Calculate the remainder when 419 is divided by 141.
137
What is the remainder when 92 is divided by 46?
0
Calculate the remainder when 71 is divided by 42.
29
What is the remainder when 1576 is divided by 1557?
19
Calculate the remainder when 199 is divided by 42.
31
Calculate the remainder when 426 is divided by 36.
30
Calculate the remainder when 1239 is divided by 59.
0
What is the remainder when 239 is divided by 45?
14
What is the remainder when 543 is divided by 26?
23
Calculate the remainder when 541 is divided by 88.
13
What is the remainder when 208 is divided by 66?
10
Calculate the remainder when 168 is divided by 51.
15
What is the remainder when 242 is divided by 204?
38
What is the remainder when 303 is divided by 76?
75
What is the remainder when 1578 is divided by 273?
213
Calculate the remainder when 778 is divided by 11.
8
Calculate the remainder when 1106 is divided by 13.
1
Calculate the remainder when 149 is divided by 7.
2
What is the remainder when 30 is divided by 13?
4
Calculate the remainder when 4006 is divided by 499.
14
What is the remainder when 49 is divided by 25?
24
What is the remainder when 237 is divided by 138?
99
Calculate the remainder when 346 is divided by 50.
46
What is the remainder when 210 is divided by 22?
12
Calculate the remainder when 945 is divided by 468.
9
What is the remainder when 312 is divided by 54?
42
Calculate the remainder when 1169 is divided by 145.
9
Calculate the remainder when 26 is divided by 7.
5
What is the remainder when 51 is divided by 27?
24
Calculate the remainder when 150 is divided by 31.
26
Calculate the remainder when 86 is divided by 47.
39
Calculate the remainder when 53 is divided by 15.
8
Calculate the remainder when 663 is divided by 7.
5
Calculate the remainder when 356 is divided by 119.
118
Calculate the remainder when 247 is divided by 43.
32
What is the remainder when 426 is divided by 213?
0
Calculate the remainder when 138 is divided by 20.
18
What is the remainder when 335 is divided by 79?
19
Calculate the remainder when 208 is divided by 73.
62
What is the remainder when 52 is divided by 17?
1
What is the remainder when 8312 is divided by 77?
73
Calculate the remainder when 144 is divided by 30.
24
Calculate the remainder when 420 is divided by 184.
52
Calculate the remainder when 47 is divided by 28.
19
What is the remainder when 957 is divided by 13?
8
What is the remainder when 1356 is divided by 71?
7
What is the remainder when 89 is divided by 11?
1
What is the remainder when 593 is divided by 46?
41
Calculate the remainder when 8770 is divided by 86.
84
Calculate the remainder when 35 is divided by 10.
5
Calculate the remainder when 331 is divided by 38.
27
What is the remainder when 2004 is divided by 19?
9
Calculate the rem